{"id":96,"date":"2014-05-18T19:38:52","date_gmt":"2014-05-18T17:38:52","guid":{"rendered":"http:\/\/www.lyre-paroissiale-surpierre.ch\/?page_id=96"},"modified":"2024-04-06T10:57:43","modified_gmt":"2024-04-06T08:57:43","slug":"manifestations","status":"publish","type":"page","link":"https:\/\/www.lyre-paroissiale-surpierre.ch\/?page_id=96","title":{"rendered":"Manifestations"},"content":{"rendered":"\n<p>La Lyre Paroissiale de Surpierre organise plusieurs manifestations dans l&rsquo;ann\u00e9e.<br>Voici la liste de ces derni\u00e8res et quelques explications:<\/p>\n\n\n\n<p><strong>La choucroute<\/strong> : En f\u00e9vrier, la Lyre organise une choucroute. Cette manifestation se d\u00e9roule un dimanche \u00e0 midi. Le menu est le suivant:<\/p>\n\n\n\n<ul class=\"wp-block-list\">\n<li>Ap\u00e9ritif<\/li>\n\n\n\n<li>Plat principal : choucroute, saucisses de vienne, lard, jambon, saucisson et patates<\/li>\n\n\n\n<li>Dessert : cr\u00e8me br\u00fbl\u00e9e<\/li>\n\n\n\n<li>Caf\u00e9<\/li>\n<\/ul>\n\n\n\n<p>La Lyre invite toujours une autre fanfare afin de divertir les invit\u00e9s&#8230;<\/p>\n\n\n\n<p><strong>Le concert annuel<\/strong> : La Lyre s&rsquo;entra\u00eene depuis septembre pour vous pr\u00e9senter un magnifique programme lors de sa soir\u00e9e annuelle. Celle-ci se d\u00e9roule en g\u00e9n\u00e9rale un samedi ou dimanche du mois de mars. Elle commence \u00e0 20h et finit tr\u00e8s tard. Apr\u00e8s le concert, un musicien est l\u00e0 pour vous faire danser jusqu&rsquo;au bout de la nuit. Pour les plus timides, nous ouvrons un bar apr\u00e8s le concert.<\/p>\n\n\n\n<p>La Lyre Paroissiale de Surpierre participe aussi \u00e0 de multiples manifestations comme :<\/p>\n\n\n\n<ul class=\"wp-block-list\">\n<li>Le concert de No\u00ebl \u00e0 la Grande salle du Surpierre<\/li>\n\n\n\n<li>Les messes de No\u00ebl et de P\u00e2ques \u00e0 l\u2019\u00e9glise de Surpierre<\/li>\n\n\n\n<li>Les 1\u00e8res communions et confirmations \u00e0 l\u2019\u00e9glise de Surpierre<\/li>\n\n\n\n<li>Le Giron des musiques<\/li>\n\n\n\n<li>La F\u00eate cantonale des musiques fribourgeoises (tous les 5 ans)<\/li>\n\n\n\n<li>La F\u00eate Dieu<\/li>\n\n\n\n<li>La Tourn\u00e9e de village<\/li>\n\n\n\n<li>Le premier ao\u00fbt \u00e0 Surpierre \/ Cheiry \/\u00a0 Villeneuve \/ Pr\u00e9vondavaux<\/li>\n\n\n\n<li>Concert et prestation sur demande<\/li>\n<\/ul>\n\n\n\n<p>La Lyre r\u00e9p\u00e8te en moyenne deux fois par semaine (parfois qu&rsquo;une fois), le mercredi et le vendredi (<a href=\"\/?page_id=23\">agenda<\/a>). Une fois par ann\u00e9e, elle organise aussi un s\u00e9minaire. Celui-ci se d\u00e9roule un dimanche matin d\u00e8s 8h jusqu&rsquo;\u00e0 13h voir 14h. Durant ces quelques heures, les musiciens sont s\u00e9par\u00e9s en plusieurs registres (gros tubes, percussions, petits chants&#8230;) et ces groupes r\u00e9p\u00e8tent s\u00e9par\u00e9ment avant de se retrouver pour une g\u00e9n\u00e9rale.<\/p>\n","protected":false},"excerpt":{"rendered":"<p>La Lyre Paroissiale de Surpierre organise plusieurs manifestations dans l&rsquo;ann\u00e9e.Voici la liste de ces derni\u00e8res et quelques explications: La choucroute : En f\u00e9vrier, la Lyre organise une choucroute. Cette manifestation se d\u00e9roule un dimanche \u00e0 midi. Le menu est le suivant: La Lyre invite toujours une autre fanfare afin de divertir les invit\u00e9s&#8230; Le concert [&hellip;]<\/p>\n","protected":false},"author":1,"featured_media":0,"parent":0,"menu_order":60,"comment_status":"closed","ping_status":"open","template":"","meta":{"footnotes":""},"class_list":["post-96","page","type-page","status-publish","hentry"],"_links":{"self":[{"href":"https:\/\/www.lyre-paroissiale-surpierre.ch\/index.php?rest_route=\/wp\/v2\/pages\/96","targetHints":{"allow":["GET"]}}],"collection":[{"href":"https:\/\/www.lyre-paroissiale-surpierre.ch\/index.php?rest_route=\/wp\/v2\/pages"}],"about":[{"href":"https:\/\/www.lyre-paroissiale-surpierre.ch\/index.php?rest_route=\/wp\/v2\/types\/page"}],"author":[{"embeddable":true,"href":"https:\/\/www.lyre-paroissiale-surpierre.ch\/index.php?rest_route=\/wp\/v2\/users\/1"}],"replies":[{"embeddable":true,"href":"https:\/\/www.lyre-paroissiale-surpierre.ch\/index.php?rest_route=%2Fwp%2Fv2%2Fcomments&post=96"}],"version-history":[{"count":10,"href":"https:\/\/www.lyre-paroissiale-surpierre.ch\/index.php?rest_route=\/wp\/v2\/pages\/96\/revisions"}],"predecessor-version":[{"id":649,"href":"https:\/\/www.lyre-paroissiale-surpierre.ch\/index.php?rest_route=\/wp\/v2\/pages\/96\/revisions\/649"}],"wp:attachment":[{"href":"https:\/\/www.lyre-paroissiale-surpierre.ch\/index.php?rest_route=%2Fwp%2Fv2%2Fmedia&parent=96"}],"curies":[{"name":"wp","href":"https:\/\/api.w.org\/{rel}","templated":true}]}}